 m(t) = -2*t - 2*t + 4*t + 1 + 6*t**2. Calculate m(i).
7
Let c(p) = -2*p - 1. Let j(y) = -y + 6. Let t be j(5). What is c(t)?
-3
Let u(x) = -x**2 - x**2 - 4*x**2 - x**2 + x**3 + 7 + 3*x. Give u(6).
-11
Let q(b) = b**2 - 1. Let c(r) = -3*r - r**2 + 0*r**2 + r**2 + r**2 - 1 + r**3. Let a be c(-2). Give q(a).
0
Suppose 0 = -0*o - o - 2*q - 11, -5*o + q = 22. Suppose 3 = -2*c + 15. Let b(p) = -2*p - 9. Let n(i) = 6*i + 26. Let f(u) = c*n(u) + 17*b(u). Determine f(o).
-7
Let g(k) = -7*k**3 - 1. Let z = -3 - -8. Suppose z*i = -0*i + 5. Give g(i).
-8
Let n(x) = x**3 + x. Let v(k) = -5*k**3 + 5*k**2 - 7*k - 2. Let r(c) = -6*n(c) - v(c). Suppose 2*h + 7 = -z, 4*z - h + 1 + 18 = 0. Give r(z).
-3
Let r = -8 - -6. Let p be (-1 - -2)*-2*-1. Let l(z) = 3 - z + 0*z - p. What is l(r)?
3
Let r = -10 - -6. Let l(w) = 2*w**2 + 6*w + 1. Let y be l(r). Suppose -q - 2*q + y = 0, -5*q = -f - 13. Let j(p) = -2*p - 2. Give j(f).
-6
Let b(r) = -7*r - 5. Let f(g) = g. Let k(y) = -b(y) - 6*f(y). Calculate k(-3).
2
Let v(g) = -g + 210 - 103 - 117. What is v(-9)?
-1
Let l(c) = -c**2 + 4*c + 4. Suppose 5*b - 19 - 71 = 0. Let p be 46/10 - b/30. Determine l(p).
4
Let p(x) = x + 6. Let o be p(-6). Let t = o - -1. Let n(w) = 8*w**2 - 2*w + 1. Calculate n(t).
7
Suppose -n - 2*r - 2 = 0, 3*n + 2*r + 20 = 5*n. Let f(o) be the third derivative of o**5/60 - 5*o**4/24 - o**3/6 - 4*o**2. What is f(n)?
5
Let h(z) = z. Let c be 4/6*(-3)/2. Let n(m) = 3*m - 5. Let t be 2/7 + (-33)/(-7). Let o(d) = c*n(d) + t*h(d). Determine o(-5).
-5
Let x(m) be the first derivative of m**7/280 - m**6/180 + m**4/24 - 5*m**3/3 + 3. Let q(j) be the third derivative of x(j). Calculate q(-1).
-4
Let j(n) be the second derivative of -n**6/180 + n**4/3 - 4*n. Let v(q) be the third derivative of j(q). Suppose 5*p - 4 = 1. What is v(p)?
-4
Let a = 5 + -3. Let c(v) = v**3 - v**2 + 2*v - 3. Let w be c(2). Let o(z) = -a*z - 2*z + w*z. Give o(-5).
-5
Let s(a) = -a - 1. Suppose 0 = 5*c - 5 - 5. Suppose c*i - i - 1 = 0. Calculate s(i).
-2
Let u(v) be the first derivative of -v**2 + 4*v + 10. What is u(4)?
-4
Let h = -13 + 17. Let k be 3*(-1)/(6/h). Let j(f) = -2*f**3 - 4*f**2 - 3*f - 1. What is j(k)?
5
Let t = 121 - 130. Let j(a) = -a - 11. Give j(t).
-2
Let w(r) be the second derivative of -5*r**3/6 - 6*r. Determine w(-1).
5
Suppose 0 = t + 2 - 3. Let g = t + 2. Let z(f) = 0 - 4*f**3 - 3*f**g + f**2 - 1. Calculate z(-1).
7
Let c = 1 - -4. Let j(k) = k**3 - 5*k**2 - 2. Determine j(c).
-2
Suppose 3*d = 2*d + 1. Let c(o) = -2*o + o + d + 0*o. Suppose 6*w - 9 = 3*w. Determine c(w).
-2
Let j be 1/(2/2)*2. Let q = 1 + 3. Let i(x) = q - 3*x - 2 + 1. What is i(j)?
-3
Let q(i) = 6*i + i - 3 - i**2 - i + 5*i. Determine q(10).
7
Let f(d) = -d - 4 + 3*d + 1. Let i = 2 + -5. Let j = 5 + i. Determine f(j).
1
Suppose 3*z - 6 = -0*z. Suppose 2*l = -z*d + 12, -l - 11 = -d - 3*l. Let t = 0 + d. Let b(o) = 5*o**3 + o**2 - o + 1. Determine b(t).
6
Let q(x) = x**2 + x + 13. Let v be (-9)/6*(-16)/(-6). Let p(w) = 7. Let o(h) = v*q(h) + 7*p(h). Calculate o(-2).
-11
Let n(q) = 5*q + 4. Let x(g) = -g - 1. Let k(o) = 2*n(o) + 9*x(o). Determine k(-6).
-7
Let c be -3 + 0*(-4)/16. Let g be (-1)/5 + (-6)/(-5). Let l = g + c. Let z(f) = f**2 - 2*f - 3. Calculate z(l).
5
Suppose -27 + 7 = 5*g. Let p(q) be the second derivative of q**5/60 + q**4/6 + q**3/2 + q**2 + 4*q. Let j(k) be the first derivative of p(k). Calculate j(g).
3
Let f(b) = -3 + b - b + 2*b + 1. Give f(2).
2
Let y(h) = -h - 1. Let v(q) = 5*q**2 + q - 5. Let d(s) = -v(s) + 5*y(s). Let b(a) = -a**2. Let m(x) = -6*b(x) + d(x). What is m(7)?
7
Let y(l) = 2*l + 3. Let a(r) = 2*r - 3. Let n be a(0). Calculate y(n).
-3
Suppose 0*h - 4*h = 14*h. Let q(v) be the third derivative of v**4/24 + 4*v**3/3 + v**2. Give q(h).
8
Let y be 0 - (1/1 + -3). Suppose -8 = -p - y*w, 0 = -p + 3*w - 4*w + 6. Let v(b) = 1 - 3 + 1 + p*b. Give v(-1).
-5
Suppose -3*t - t - 12 = 0. Let y(i) = 3*i**3 + 3*i**2 + i + 1 - 2*i**3 + 0*i**2. Give y(t).
-2
Let g be (-77)/(-42) + (-2)/6. Let b(r) be the first derivative of r + g*r**2 + 1. Give b(-1).
-2
Suppose 4*w = w - 3. Let q = 8 + w. Let n be 10/14 - (-2)/q. Let b(y) = -5*y. What is b(n)?
-5
Let f(j) = -j. Let b(d) = d**2 - 2*d - 11. Let h be b(4). What is f(h)?
3
Let c(g) = g + 8. Let o(s) = -7. Let d(y) = -2*c(y) - 3*o(y). Calculate d(6).
-7
Suppose -2*p + 0*q + 8 = -3*q, -2*p = 5*q + 8. Let j(r) = -4*r - 1. Let t be j(p). Let m(a) = -7*a - 1. Let s(f) = 4*f. Let c(o) = -3*m(o) - 5*s(o). Give c(t).
-2
Let f(a) = a**3 + 2*a**2 - a + 5. Let p be f(0). Let o(h) = -h**2 + 5*h. What is o(p)?
0
Let m(g) = -4 - 3*g**2 + 7*g**3 - 13*g**3 + 7*g**3. Calculate m(3).
-4
Let k(n) = -2*n - 3. Let h(s) = -6 - 4*s + 5*s - 3*s - s. Let i(a) = -3*h(a) + 5*k(a). Determine i(5).
-2
Let z(r) = -3 - 3 + 6*r**2 + 2*r + 7. Calculate z(-1).
5
Let v = 8 + -4. Suppose 8*p = 4*p + v. Let j(s) be the first derivative of 5*s**3/3 + s**2 - s - 2. Give j(p).
6
Let l(a) be the second derivative of a**4/12 - a**2 + a. Let y be (-6)/(-6)*2/(-2). Let x = y + 1. Give l(x).
-2
Let a be (6/9 - -2)*3. Let p = -2 + a. Let y(g) = -g - 1. Determine y(p).
-7
Let a(x) = 5*x + 3. Let m(n) = -6*n - 4. Let l(f) = 5*a(f) + 4*m(f). What is l(-6)?
-7
Let d be (-2 + -18)*(-8)/20. Let k(v) = -v**2 + 7*v - 5. Determine k(d).
-13
Let y(k) be the third derivative of k**7/840 + k**5/120 + k**4/3 - 7*k**3/6 - 2*k**2. Let h(r) be the first derivative of y(r). Give h(0).
8
Let b(r) = r - 2. Let l(a) = a**2 - 9*a - 5. Let w = 21 - 12. Let i be l(w). Determine b(i).
-7
Let c(y) = -y**3 + 9*y**2 + 11*y - 2. Suppose -4*d = -3*i - 2*d + 20, -40 = -5*i + 2*d. Determine c(i).
8
Let v(w) = -w - 3. Let g(x) = -x - 4. Let h(o) = -3*g(o) + 4*v(o). Calculate h(0).
0
Let t(k) = -4*k + 2*k**2 - 3*k + k - 1 + 5*k. Suppose -2*x - 3*x - 5 = 0. What is t(x)?
2
Let o(j) = j + 2*j - j - 8. Let h(n) = n - 4. Let v(g) = -5*h(g) + 2*o(g). Suppose 5*t - 10 = 3*t. What is v(t)?
-1
Let a(b) be the second derivative of b**3/6 + b**2 + 18*b. Calculate a(0).
2
Let i(c) = -8*c**2. Let r = 9 + -4. Let x = r + -6. Determine i(x).
-8
Let m(w) = -w - 6. Let g be m(-5). Let f(v) = -23 - v**3 + 44 - 2*v**2 - 20. Determine f(g).
0
Suppose -3*b = 2*k - 6, -k = b - 0*b - 4. Let v(z) = 2 - z + 14*z**2 - 41*z**2 + 5 + z**3 + 21*z**2. Give v(k).
1
Let c(y) be the third derivative of 5*y**4/12 + y**3/6 - y**2. Let k(x) = x**3 + x**2 + x + 5. Let g be k(0). Suppose -l - g = 4*l. What is c(l)?
-9
Let o(f) = -3*f**2 + 10*f + 3. Let v(y) = -6*y**2 + 21*y + 7. Let g(w) = 13*o(w) - 6*v(w). Suppose r - 2*t = 12, -5*r + 4*t = -0*t - 30. Calculate g(r).
-7
Let p = 16 + -12. Let t(q) = -q**3 + 5*q**2 - 4*q + 2. Determine t(p).
2
Let c(s) = -s - 1. Let n be c(-3). Let m(w) = -5*w**2 + w + 1. Let u(g) = g**3 + 6*g**2 - g - 2. Suppose -o + 5 = 2. Let f(i) = o*m(i) + 2*u(i). Give f(n).
5
Let l(y) = 4*y**2 + 4*y**3 - 2*y**2 - 2*y + y + 1 - 3*y**2. Let w be l(1). Let z(h) be the second derivative of h**3/2 - 2*h**2 - 3*h. Calculate z(w).
5
Let g(l) = 2*l**2 + 3*l + 1 - 2 - 5*l**2. Suppose 3*p + 0 = 3. Let m(x) = 3*x**2 - 2*x + 1. Let v be m(p). Give g(v).
-7
Suppose 0 = f + f. Let x(j) = 5*j + 7. Let k(a) = -a - 1. Let u(y) = -6*k(y) - x(y). Calculate u(f).
-1
Suppose -2*u + 12 = u. Let r(o) = -u*o - 3 + 2*o - 2*o + o. Calculate r(-4).
9
Let b(i) = -1. Let l(g) = -g - 9. Suppose -4*v - p = 19, -p + 4*p = 4*v + 7. Let o(a) = v*b(a) + l(a). Determine o(-6).
1
Let v(b) = 2*b - 4. Let l(c) = -5*c + 8. Let n(s) = 3*l(s) + 7*v(s). Let k be 54/10 - 24/(-40). Let q(x) = -x**2 + 5*x + 6. Let p be q(k). Calculate n(p).
-4
Let b(a) = 4*a**2 - a. Let t(k) = -k**3 - 2*k + 2. Let m be t(1). What is b(m)?
5
Suppose 0 = -5*k - 30 + 90. Let v = -1 - 6. Let g = k + v. Let y(h) = h**2 - 6*h + 3. Determine y(g).
-2
Let s(f) = 2*f**2 + 5*f. Let j = 5 - 8. Let v be (-1 + j - 0)*1. What is s(v)?
12
Let h be 2*-2*(-6)/(-8). Let u(g) = -10*g**2 + 24*g**2 - 18*g**2 - g**3. Give u(h).
-9
Suppose a - 5*a + 24 = 0. Let p(t) = 3*t - 2*t - 3 + 2 - 3. Calculate p(a).
2
Let y(o) = -o + 10. Let n(p) = p. Let g(w) = 2*n(w) + y(w). Calculate g(0).
10
Let o(a) = a**3 + 3*a**2 - 3*a - 1. Let x(u) = -u**3 - 5*u**2 + 5*u + 2. Let d(c) = -5*o(c) - 3*x(c). What is d(1)?
-3
Let s(v) = -v**3 + 5*v**2 - 6*v + 6. Let w be 